 of d(t)?
6
Let x = 265 + -116. Let q(b) = 6*b**3 + 112*b**2 + 10*b - 55. Let h be q(-18). Suppose 4*n - h = -x. What is the tens digit of n?
2
Let m = -18390 - -30033. What is the hundreds digit of m?
6
Suppose -5665 - 3280 = -2*j - 3*q, 0 = -5*j + 4*q + 22397. What is the units digit of j?
7
Let s(g) = -2*g - 1. Suppose -2*x + 8 = -5*p, x + 9 = -5*p - 2. Let u be s(p). What is the tens digit of (-2 - -1) + u - -81?
8
Suppose 51*m - 645887 = 1592435 - 109072. What is the hundreds digit of m?
7
Suppose -m - 24081 = -5*x, 4*x - 19248 = 38*m - 33*m. What is the hundreds digit of x?
8
Suppose -2*o + 347*l = 345*l - 27610, 2*l = -3*o + 41415. What is the tens digit of o?
0
Let q be (-13)/143 - 2102/(-11). What is the units digit of 21*7/21 + q?
8
Let i(a) = 83*a - 89. Let m be 1631/147 + (-6)/63. What is the tens digit of i(m)?
2
Let o = -13 + 15. Suppose -2*x = 2*x - 5*j - 259, -o*j = 3*x - 177. Suppose 59*a + 502 = x*a. What is the tens digit of a?
5
Let g(q) = -3*q + 1. Let b(p) = 30*p + 15. Let x(n) = b(n) + 3*g(n). What is the tens digit of x(20)?
3
What is the ten thousands digit of -3*(89749/(-6) - (-95)/38)?
4
Let v = 39 - 22. Let t(g) = -g + 342. Let y be t(0). Suppose v*f + y = 20*f. What is the tens digit of f?
1
Let x(g) = 209*g - 1429. What is the tens digit of x(40)?
3
Let t(i) = 85*i + 31. Let z(n) = -19*n - 109. Let c be z(-6). What is the hundreds digit of t(c)?
4
Suppose -36*w - 67*w + 6344478 - 2649044 = 0. What is the hundreds digit of w?
8
Let z(j) be the first derivative of -11*j**2 + 10*j - 93. What is the tens digit of z(-24)?
3
Let r(h) = -h**3 - 12*h**2 - 2*h - 9. Let i be r(-6). Let v = 196 + 213. Let m = v + i. What is the tens digit of m?
9
Let z(m) = 560*m - 1795. What is the tens digit of z(81)?
6
What is the ten thousands digit of ((-12381)/12 - -2)*88/(-6)?
1
Let n be 23/(-15)*-51 + 4/5. Suppose 0 = -5*w + 61 + n. Let r = 99 - w. What is the units digit of r?
1
Let t = 12 + -80. Let j = t - -73. Suppose j*s = -5*g + 3*g + 195, -5*g + 522 = s. What is the tens digit of g?
0
Suppose 2*d - 5*y + 379 = 0, 594 + 322 = -5*d + 2*y. Let k = d - -308. Suppose 0 = 4*r - k - 330. What is the units digit of r?
4
Let y(t) = -313*t + 39. Let s = 586 - 590. What is the tens digit of y(s)?
9
Let i(h) be the third derivative of 37*h**7/1680 - h**6/240 + 11*h**5/30 + 20*h**2. Let f(v) be the third derivative of i(v). What is the units digit of f(1)?
8
Suppose -24*g + 66634 = -75902. What is the thousands digit of g?
5
Let o(f) = -f**3 - 26*f**2 + 58*f + 66. Let h be o(-28). Suppose 0 = h*c - 1015 - 945. What is the tens digit of c?
9
Let n = 422 + -324. Let w(o) = o**2 + 5*o + 1. Let i be w(-5). Let k = i + n. What is the units digit of k?
9
Let q(p) be the first derivative of -3*p**4/4 - 50*p**3/3 + 11*p**2 + p - 150. What is the units digit of q(-18)?
1
Suppose 15*f - 12*f + 3*n - 10314 = 0, n = 3*f - 10322. What is the tens digit of f?
4
Suppose 21 - 23 = -s. Suppose s*t = z + 478, 723 = 3*t - 8*z + 5*z. What is the units digit of t?
7
Suppose -1074270 - 1556322 = -192*n. What is the units digit of n?
1
Suppose 0*f + 2*s + 12 = 2*f, 4*f + 2*s - 18 = 0. Let o be 53/(-6) + f/(-30). What is the hundreds digit of (-1)/(o/24)*(40 - 1)?
1
Suppose -2*g - 21*p + 20*p + 95745 = 0, -3*g = 4*p - 143630. What is the tens digit of g?
7
Let u(s) = 2*s**2 - 7*s - 10. Let h be 2*(-15)/(-12)*(-16)/(-10). Suppose t + b = -t - 6, 0 = -h*b + 16. What is the tens digit of u(t)?
7
Let b(y) = -32*y - 2. Let o be b(-1). Let k be 1625/o - (-2)/(-12). Suppose 6*s + k = 8*s. What is the tens digit of s?
2
Suppose -1 = -5*y + 4, -v + y + 9 = 0. Let q(h) = -13 - 7*h - 2*h**2 - v*h**2 - 27*h - 18 + h**3. What is the hundreds digit of q(15)?
1
Let p = 98 + -103. Let b be p/((-4)/((-8)/(-2))). Suppose -2*c = -b*c - 4*f + 221, -5*f - 230 = -3*c. What is the units digit of c?
5
Let w(v) = 9452*v - 3046. What is the units digit of w(3)?
0
Let v = 107616 - 71323. What is the units digit of v?
3
What is the units digit of -4478*-6*(-11)/(-33)?
6
Suppose 2*w = -4*n + 23112, -17337 = 17*n - 20*n - 3*w. What is the units digit of n?
7
Let q(z) = -12*z - 5. Let s be q(-1). Let c(x) = -x**3 + 10*x**2 + x + 15. What is the hundreds digit of c(s)?
1
Suppose 5*n - 41 = -36. Suppose -12 = 11*j - 15*j. What is the tens digit of n - 60/(-1 - j)?
1
What is the tens digit of ((-66338)/(-40) - (-11)/(-55))/(5/40)?
6
Let g = 209 + -204. Suppose 0 = 2*l - 10, -1390 = -g*w + 4*l + 1075. What is the units digit of w?
7
Let q(x) = x**2 - 6*x - 8. Let l be q(-4). Let o(w) = l - 5*w + 17*w - w**2 - 20. What is the units digit of o(6)?
8
Let u be (-5)/((-50)/(-8))*570/12. Let z(f) = -f**3 - 37*f**2 + 25*f - 11. What is the units digit of z(u)?
3
Let o = -39 - -42. Let b be (-3)/(-6)*10 - o. Suppose -3*l + b*t + 70 = 0, 4*t + 4 = l - 6. What is the units digit of l?
6
Suppose 32*r = -r + 6*r + 1244808. What is the tens digit of r?
0
Let n(k) = k**2 - 5*k + k**2 + 31 - 10*k - k**2 + 4*k. What is the tens digit of n(17)?
3
Suppose 5*u - 17480 = 21187 + 13863. What is the hundreds digit of u?
5
Let f(u) = -u**2 + 8*u + 2. Let m(s) = -s**3 + 6*s**2 - 5*s + 7. Let q be m(5). Let o be f(q). Suppose w - 550 = -o*w. What is the tens digit of w?
5
Suppose 5*a + 3*v - 23 = 0, 5*a = 4*a + 2*v + 2. Let o(d) = 2*d**3 - d**3 - a*d**2 - 12 - 8 - 2*d. What is the tens digit of o(6)?
4
Let l(c) = -4*c**3 - 140*c**2 - 18*c + 46. What is the units digit of l(-39)?
4
Suppose -1384*i + 1386*i - 16900 = 4*m, 4*m = -5*i + 42348. What is the thousands digit of i?
8
Suppose 488627 + 710623 = 650*b. What is the hundreds digit of b?
8
Let h be (1 - 1) + -1 - 5. Let f(x) be the first derivative of -x**4/4 - 4*x**3/3 - 3*x**2/2 + 11*x - 307. What is the hundreds digit of f(h)?
1
Let p be (-1)/(-3)*-3 + -43. Let y = p + 115. Suppose -13 = -7*m + y. What is the tens digit of m?
1
Suppose -3*r = -s - 5*r + 28, -r = s - 23. Let a be 2/12 + (15/s - -2). Suppose -2*y - 318 - 108 = -5*q, -5*q + a*y + 429 = 0. What is the tens digit of q?
8
Suppose 22*q - 4*k = 20*q + 4046, 4*q - 4*k = 8064. What is the hundreds digit of q?
0
Let q be (10/2 + -7)*-116. Suppose m + 669 = 5*w - 483, 0 = w - m - q. What is the hundreds digit of w?
2
Suppose 5*a + 7133 = 6*a - 2*w, 0 = 4*a + w - 28586. What is the tens digit of a?
4
Suppose -4*q - 6390 = 2*t - 32900, 5*q = 2*t + 33115. What is the tens digit of q?
2
Suppose -129 = -d - 119. Suppose -r - 15*f = -d*f - 111, -4*f - 439 = -5*r. What is the tens digit of r?
9
Let u(o) = -2*o**2 + 11*o. Suppose m - 17 = -11. Let n be u(m). What is the tens digit of (0 + -2)/n*327?
0
Suppose -5*v = -2*w + 61475, 72*w - 71*w = v + 30739. What is the ten thousands digit of w?
3
Let s(r) = 84*r**3 + 3*r**2 - 59*r - 1. What is the tens digit of s(6)?
9
Suppose -5*g - 20 = -5*k, k = 3*g - 0*k + 8. Let y be (-39)/(-6) + 1/4*g. Let q(n) = 5*n**2 - 7*n - 6. What is the tens digit of q(y)?
3
Let w = 39746 + -25940. What is the thousands digit of w?
3
Let m be (-63)/(-42)*68/6. What is the units digit of (-4 - m)/(1/(-35))?
5
Suppose 10 = 2*z, o - 4*z = 3*o + 1532. Let q = o + 1610. What is the hundreds digit of q?
8
Let u = 1686 + -438. Suppose t - 5*k = 4*t - 931, -u = -4*t - 5*k. What is the hundreds digit of t?
3
Let t(z) = -z**3 - 7*z**2 - 9*z - 17. Let k be (16/(-6))/((-12)/(-36)). What is the tens digit of t(k)?
1
What is the hundreds digit of (1*(-49)/35)/(19/(-475855))?
0
Suppose 217947 - 667863 = -12*o. What is the hundreds digit of o?
4
Suppose 2152 = y + 3*a + 462, 5*a - 1698 = -y. Suppose 20 = 5*f, 2*k - y = -0*k - f. What is the hundreds digit of k?
8
Let i(u) = 4*u**3 - 51*u**2 - 43*u + 12. What is the tens digit of i(16)?
5
Suppose 139125 = 42*a - 36526 - 23051. What is the hundreds digit of a?
7
Let n(m) = m - 132*m**2 + 5 + 131*m**2 - 29. Let z be n(0). What is the tens digit of 402/(-4)*z/36?
6
Let n(l) = 126*l**2 - 11. Let p(d) = 126*d**2 - 9. Let a(j) = -5*n(j) + 6*p(j). What is the units digit of a(-2)?
5
Let l(p) = 194*p - 463. What is the units digit of l(11)?
1
Let a(l) = 4 - 48*l + l**2 - 3*l**2 - 2*l**2. What is the units digit of a(-10)?
4
Suppose -33471 = -20*a + 85089. Suppose 12*p - 18*p + a = 0. What is the units digit of p?
8
Suppose 6*s - s + 2*b = 35, 0 = s + b - 10. Suppo